the highest common divisor of 50 and u.
10
Let f(b) = -b**2 + b + 4. Let h be f(2). Suppose 2*x - 3*y + 10 = 0, 5*y = 4*x + y + 12. Let u be 5 - 1 - x/1. Calculate the greatest common factor of h and u.
1
Suppose 0*t + 16 = 4*t. Suppose -6*q - 199 = 395. Let v = q + 100. Calculate the greatest common factor of t and v.
1
Let i be 2 + 3 + 1797 - 10. What is the greatest common divisor of i and 112?
112
Let d(n) = 22*n + 14. Let z(k) = -45*k - 29. Let r(o) = 5*d(o) + 2*z(o). Let s be r(6). Calculate the greatest common divisor of s and 33.
33
Let v be 94/2 + (-8 - -1). What is the highest common divisor of 130 and v?
10
Let z(a) = a**2 - 16*a + 70. Let l be z(12). Calculate the highest common factor of l and 33.
11
Let m be (-3)/(-12) + 3388/16 + -2. Calculate the highest common divisor of 280 and m.
70
Let a(s) = 28*s**2 + 5*s + 6. Let t be a(3). Calculate the greatest common factor of t and 26.
13
Let f = 4 - 4. Suppose f = -g + 4*d + 21, 0 = 3*g - d - 34 - 18. Let q(r) = -42*r + 1. Let a be q(-2). What is the greatest common factor of a and g?
17
Suppose -4*q + 3*q = -3. Let r be (-2)/(-7) - (-19)/7. Suppose -g = m + r*m - 147, -q*m = 2*g - 114. Calculate the highest common divisor of m and 4.
4
Let r(v) = 2*v**3 - 3*v**2 - 8*v - 9. Let t be r(-4). Let j be t/(-15) + (-1)/5. Calculate the greatest common factor of j and 10.
10
Let t = -18 + 5. Let z = 15 - t. What is the highest common factor of z and 4?
4
Suppose -u + 4*p + 19 = 0, -2*p + 5*p + 18 = 2*u. Suppose -4*y + 5*m + 68 = 0, u*m - 2 = -y + 32. What is the highest common divisor of y and 11?
11
Let i = 115 + -126. Let a(k) = -k**3 - 11*k**2 - 5*k - 7. Let j be a(i). Calculate the greatest common factor of 24 and j.
24
Let g(m) = -m**3 + 12*m**2 - 10*m - 73. Let u be g(9). What is the greatest common divisor of 20 and u?
20
Let h be ((-7)/(-28))/((-3)/(-24)). Suppose -988 = -m - 2*m + c, -h*m = 2*c - 664. What is the highest common divisor of m and 30?
30
Suppose 8*k - 15*k = -1463. Calculate the greatest common factor of k and 77.
11
Suppose -8 - 7 = s - p, -2*s + 3*p - 32 = 0. Let u = s - -21. Let a be (-26)/91 + 102/14 + 1. What is the greatest common factor of a and u?
8
Let f(z) = z**2 - z. Let w be f(-3). Suppose 78 = 3*r - w. Let c be 195/18 - (-5)/r. What is the highest common divisor of c and 11?
11
Suppose 15 = -4*h + 207. Let g be 0/(-1)*(-11)/22. Suppose -4*f - 39 + 103 = g. Calculate the highest common factor of f and h.
16
Suppose 4*g = 8*g - 5*k - 1180, 2*k = g - 292. Calculate the highest common factor of g and 36.
12
Let m be -222*(-3)/6 + -4 - 3. What is the highest common divisor of 130 and m?
26
Let a be (14/(-10) - -1)/((-8)/1080). Suppose -5*l + 15 = 0, v + v + 3*l - 21 = 0. What is the greatest common factor of a and v?
6
Let m = -98 - -102. Calculate the greatest common factor of 60 and m.
4
Let d = 1 - -2. Suppose m - 68 = -d*m. Calculate the highest common divisor of 102 and m.
17
Let o(n) = -2*n**2 + 29*n - 63. Let b be o(11). Suppose 0 = 5*l + 2 - 12. Calculate the highest common divisor of l and b.
2
Let b(i) = i**2 + 28*i + 15. Let w be b(0). Calculate the highest common divisor of 3750 and w.
15
Let h(o) = -o**3 + 3*o + 3. Let r be h(-3). Suppose -s - 6 = 2*u, 4*s + 16 = u - 5*u. Let d be (-1)/(s/468) - 3. What is the greatest common divisor of r and d?
21
Suppose 3*o = -7*k + 10*k - 54, 0 = 4*k - 5*o - 72. Let u = 214 + -52. What is the highest common factor of k and u?
18
Let x(r) = r**3 + 7*r**2 + 2*r + 2. Let n be x(-6). Suppose -i - a + 285 = 0, 0*i + 2*i = 2*a + 574. What is the highest common divisor of n and i?
26
Let w be ((-1)/(-2))/(3/180). Let n = -103 - -108. Let o be ((-3)/n)/(6/(-60)). What is the highest common divisor of o and w?
6
Let i be 276/(2 + -1) + 6. What is the highest common divisor of i and 1?
1
Let k(b) = b**2 - 8*b + 1. Let j be k(10). Let y = j - 9. Suppose -v + z = v - 15, 2*v - 4*z = y. What is the highest common factor of 8 and v?
8
Let r = 1 + 2. Let m be 15*1/(5/(-2)). Let l be 1 + -1 - 18/m. What is the greatest common divisor of r and l?
3
Let b(u) = u**2 + 30*u + 71. Let l be b(-38). What is the highest common factor of l and 225?
75
Let i(g) = -g**3 + 6*g**2 + 2*g - 7. Let r be i(6). Suppose r*l - 55 = 10. Let b be (-26*(-3)/6)/((-11)/605*-5). Calculate the highest common factor of l and b.
13
Let i(t) = -22*t + 45. Let f be i(0). What is the highest common divisor of 27 and f?
9
Let u be 276/14 - 4/(-14). Let v be 1539/24 - (-1)/(-8). Let c = -14 + v. Calculate the greatest common factor of c and u.
10
Let i be 225/10 - 3/2. Let v = -172 + 403. Calculate the highest common divisor of v and i.
21
Let d(q) = 3*q + 7. Let a be d(13). Calculate the greatest common divisor of a and 69.
23
Suppose 2*x = -2*w + 164, 4*w - 6*w = -5*x + 424. Suppose -254 = -12*s - 2. What is the greatest common divisor of s and x?
21
Suppose 548 - 288 = 10*n. What is the highest common divisor of 793 and n?
13
Let n = 5 - 0. Suppose 6*p - 5*p - n = 0. Suppose 51 = l - p. Calculate the greatest common factor of l and 7.
7
Let q = -15 - -27. Let i(s) = 10*s - 56. Let l be i(8). What is the highest common divisor of l and q?
12
Let g = -53 - -58. Suppose 0 = 2*c + c - 21. Suppose -3 = -2*r + c. What is the highest common divisor of r and g?
5
Let y be 1 - (6 + 9 + -94). What is the greatest common divisor of y and 128?
16
Let m(d) = 12*d - 52. Let r be m(15). Suppose 12*y - r = -32. Calculate the highest common factor of 12 and y.
4
Let k(p) be the second derivative of 13*p**3/6 - p**2 - p. Let n be k(1). Calculate the greatest common divisor of n and 33.
11
Let v be (-56)/21*27/(-4). Let s(c) = 2*c**3 - 3*c**2 + 3*c - 2. Let x be s(4). Calculate the highest common divisor of v and x.
18
Let d = 583 + -579. Calculate the highest common divisor of 32 and d.
4
Let h(d) = 5*d + 11. Let q be h(0). Let o(b) = b + 7. Let p be o(-4). Suppose p*z - 43 = 23. Calculate the highest common factor of q and z.
11
Let a(z) = -19*z - 4. Let m = -6 - 0. Let x be a(m). Let l(i) = 3*i**2 - 4. Let t be l(4). What is the highest common factor of x and t?
22
Let g be (86/2)/((-1)/1). Let l = g - -103. Let p(q) = 2*q**2 + 7*q - 84. Let o be p(-9). Calculate the greatest common factor of l and o.
15
Suppose -24*j = -390 + 150. What is the greatest common divisor of 1030 and j?
10
Let u(r) = 6*r + 6. Let v be u(4). Let c be (-22 - 1)/((-6)/(-6)). Let p = -17 - c. What is the greatest common divisor of v and p?
6
Let f be 18/1*90/36. Calculate the highest common factor of f and 5.
5
Let h(g) = 515*g + 29. Let m be h(1). Calculate the highest common divisor of 128 and m.
32
Let d(b) = 7*b**2 - 4*b - b + 11*b + b**3 + 8. Let o be d(-6). Suppose 0*w - 5*w + 20 = 0. Calculate the highest common factor of o and w.
4
Suppose 3*q = -5*y + 61, -q = 3*q + 12. Let r be 5/2*y/5. What is the highest common factor of r and 35?
7
Suppose -4*f + 8*f = -3*h - 46, -f + 5 = 0. Let o = h - -33. Calculate the highest common divisor of 22 and o.
11
Let s = -98 + 203. Let y = -158 + s. Let m = 89 + y. What is the greatest common divisor of m and 24?
12
Let o = 932 - 404. Calculate the highest common factor of o and 330.
66
Let k be 0 + (-2 - -5) + (36 - 27). Let b(y) = 54*y. Let r be b(2). Let w be r/5 + k/30. Calculate the greatest common divisor of w and 11.
11
Suppose -22 = -0*h - h. Let f = -110 - -264. Calculate the highest common divisor of h and f.
22
Suppose 0 = -7*u + 31 + 207. Suppose 4*x + x = -5*i + 65, -5*x = 2*i - 14. What is the greatest common factor of u and i?
17
Suppose 4*a = 4*m - a - 140, -3*m + 132 = 3*a. Suppose 7*h = 2*h + 5. Let n be 0/2 + 60/h. What is the highest common divisor of m and n?
20
Let r be 20 + -4 + 3 + 0. Let w = -129 + 224. Calculate the highest common factor of r and w.
19
Let d = -10 - -10. Suppose -5*i = l - 64, -3*l + 132 = -5*i - d*i. What is the greatest common divisor of 49 and l?
49
Let f be (-62)/(-5) + (-4)/10. Let y = 934 + -874. Calculate the greatest common divisor of y and f.
12
Suppose 5*u = 3*q - 401, -6*q - 134 = -7*q + 2*u. Let j = 76 - 12. Suppose 5*b - 16 = -3*x, -3*x = x - 4*b - j. Calculate the highest common factor of q and x.
12
Let z(k) = 40*k**2 - 5*k + 5. Suppose -22 = -5*h + 3*r, -7*r = 5*h - 6*r - 6. Let g be z(h). W